9
Let v(l) = -l**3 - 49*l**2 - 22*l + 848. What is v(-48)?
-400
Let g(p) = 5*p + 61. Give g(-28).
-79
Let q(i) = -11*i + 151. What is q(6)?
85
Let a(d) = -d**3 - d**2 + 4*d - 3. What is a(-3)?
3
Let w(a) = -50*a - 1046. Calculate w(-21).
4
Let z(f) = f**2 - 33*f - 6378. Give z(-65).
-8
Let x(w) = 10*w**2 - 26*w + 40. Determine x(6).
244
Let p(f) = f**3 + 126*f**2 + 603*f - 253. Give p(-121).
-11
Let z(h) = -h**3 + 5*h**2 - 793*h + 3180. What is z(4)?
24
Let u(q) = 15*q**2 - 93*q + 2. Determine u(6).
-16
Let v(q) = 12*q**2 - 103*q + 125. Give v(7).
-8
Let b(q) = q**3 - 46*q**2 + 337*q - 141. Give b(37).
7
Let k(p) = p**2 + 24*p + 80. Give k(-5).
-15
Let w(p) = -55*p - 544. Determine w(-8).
-104
Let l(u) = -2*u**3 + 23*u**2 + 3*u + 9. Give l(12).
-99
Let z(t) = -11*t**2 + 14*t + 63. Determine z(5).
-142
Let r(p) = 5*p**2 + 45*p + 99. Determine r(-3).
9
Let s(h) = h**3 - 3*h**2 + 22*h - 8. What is s(0)?
-8
Let g(i) = 13*i**2 - 131*i + 207. Give g(8).
-9
Let i(f) = -29*f**2 + 407*f - 401. Give i(13).
-11
Let h(c) = 17*c**2 - 90*c + 97. Give h(1).
24
Let n(x) = -x**3 + 22*x**2 + 68*x - 492. Determine n(24).
-12
Let y(f) = -3*f**2 + 239*f + 1110. Calculate y(84).
18
Let b(c) = 7*c + 90. Determine b(21).
237
Let l(s) = -3*s**2 + 52*s - 12. Determine l(6).
192
Let j(k) = -k**3 + 25*k + 15. Calculate j(-5).
15
Let q(b) = -21*b**2 + 214*b + 48. Give q(11).
-139
Let k(u) = u**3 + 11*u**2 - 50*u - 546. Give k(-13).
-234
Let d(z) = -39*z + 1395. Calculate d(37).
-48
Let a(d) = -610*d - 3555. What is a(-6)?
105
Let x(c) = -c**3 - 9*c**2 + 14*c - 75. What is x(-11)?
13
Let p(v) = -v**3 - 57*v**2 - 800*v + 2. Give p(-32).
2
Let u(a) = -2959*a + 5922. What is u(2)?
4
Let w(q) = -4*q**2 - 57*q + 367. What is w(-19)?
6
Let k(c) = c**3 - 95*c**2 + 89*c + 462. Calculate k(94).
-8
Let l(z) = -15*z**2 + 9*z + 150. Calculate l(4).
-54
Let t(i) = 39*i + 30. Determine t(7).
303
Let y(p) = 429*p + 6464. Give y(-15).
29
Let t(y) = -4*y**2 - 64*y - 196. Calculate t(0).
-196
Let b(u) = 906*u - 5405. Calculate b(6).
31
Let o(k) = -k**2 - 147*k - 833. Give o(-141).
13
Let i(d) = -15*d**2 - 1289*d + 96. Calculate i(-86).
10
Let z(s) = 8*s + 26. Give z(4).
58
Let r(m) = -2*m**2 - 98. What is r(-10)?
-298
Let o(j) = -8*j - 177. Determine o(29).
-409
Let x(n) = -2*n**3 + 58*n**2 - 75*n + 312. What is x(28)?
-220
Let h(v) = 83*v - 8056. Calculate h(97).
-5
Let c(o) = -o**3 - 10*o**2 - 33*o - 11. Determine c(-4).
25
Let h(k) = -84*k + 3432. Determine h(41).
-12
Let a(k) = k**3 - 15*k**2 + 48*k + 22. Determine a(10).
2
Let v(u) = 3*u**2 + 130*u - 81. Determine v(-44).
7
Let f(w) = -w**2 + 25*w + 1152. Give f(-24).
-24
Let s(p) = p**2 + 39*p + 183. Determine s(-5).
13
Let o(d) = -12*d - 484. Give o(-38).
-28
Let m(y) = -173*y - 1801. Determine m(-10).
-71
Let c(p) = -38*p**2 + 70*p + 146. Give c(-2).
-146
Let t(x) = 39*x - 69. What is t(3)?
48
Let b(f) = -20*f + 223. Determine b(11).
3
Let a(d) = -4*d**2 + 575*d + 148. What is a(144)?
4
Let q(z) = z**2 + 59*z - 323. Determine q(-62).
-137
Let s(h) = h**2 + 70*h + 314. Calculate s(-65).
-11
Let j(o) = -2*o**3 - 22*o**2 - 39*o + 122. Give j(-6).
-4
Let x(v) = -223*v + 2308. Give x(12).
-368
Let s(a) = -a**2 - 29*a - 16. Calculate s(-28).
12
Let z(c) = -3*c**2 - 48*c - 148. What is z(-4)?
-4
Let x(m) = -m**3 + 34*m**2 - 113*m + 474. Give x(32).
-1094
Let f(k) = 22*k**3 + 398*k**2 + 36*k + 10. Determine f(-18).
10
Let o(y) = 12*y + 153. What is o(-16)?
-39
Let w(h) = 55*h + 6619. What is w(-120)?
19
Let g(y) = -48*y - 2014. What is g(-42)?
2
Let a(c) = 2*c**2 - 606*c - 16405. Give a(-25).
-5
Let i(d) = 9*d**3 + 4*d**2 - 5*d - 7. What is i(2)?
71
Let o(n) = -n**2 + 747*n + 8344. What is o(-11)?
6
Let o(r) = -2*r**2 - 176*r - 1016. Calculate o(-6).
-32
Let z(q) = 16*q**2 - 40*q - 60. Give z(-2).
84
Let y(h) = h**3 - 3*h**2 - 40*h + 47. Give y(8).
47
Let l(z) = 10*z + 461. What is l(-30)?
161
Let z(q) = -2*q**2 - 61*q + 55. Give z(-31).
24
Let t(d) = 3*d**2 - 42*d + 58. Give t(16).
154
Let v(d) = d**3 - 18*d**2 + 59*d - 46. Determine v(3).
-4
Let m(d) = -4*d**3 - 36*d**2 - 80*d - 5. Give m(-4).
-5
Let a(o) = 6*o**2 - 706*o + 1408. Determine a(2).
20
Let u(h) = 12*h**2 + 10*h - 21. What is u(3)?
117
Let l(m) = 2*m**2 + 88*m - 2239. Calculate l(18).
-7
Let n(b) = 377*b - 50144. What is n(133)?
-3
Let u(z) = -78*z - 4302. What is u(-54)?
-90
Let l(q) = 1398*q + 11198. Determine l(-8).
14
Let q(c) = 6*c**3 - 24*c**2 - 71*c - 11. Determine q(6).
-5
Let u(y) = -2*y**3 - 38*y**2 + 33*y + 612. What is u(-19)?
-15
Let m(l) = 29*l**2 + 76*l - 70. Calculate m(-3).
-37
Let h(l) = -2*l**3 - 79*l**2 - 13*l + 1001. What is h(-39)?
-13
Let q(p) = 39*p - 1740. Give q(45).
15
Let x(v) = -47*v**2 - 112*v - 113. Determine x(-1).
-48
Let i(t) = -13*t**3 - t**2 - 39*t - 79. What is i(-2)?
99
Let r(l) = l**2 - 2784*l - 70225. Calculate r(-25).
0
Let q(d) = 2*d**2 + 43*d - 43. Calculate q(1).
2
Let c(q) = 37*q**2 + 20*q + 43. What is c(-2)?
151
Let r(l) = -l**2 - 39*l + 126. Calculate r(3).
0
Let r(q) = 3*q**2 + 326*q - 675. Determine r(2).
-11
Let l(m) = -2*m**2 + 58*m + 128. Calculate l(31).
4
Let q(d) = 2*d**3 - 16*d**2 + 22*d - 49. Determine q(7).
7
Let h(n) = -2*n**2 + 219*n - 1248. Determine h(105).
-303
Let c(n) = 326*n - 1554. Give c(5).
76
Let w(y) = y**2 - y - 2256. Calculate w(-47).
0
Let b(m) = m**3 - 12*m**2 - 111*m + 65. What is b(18)?
11
Let y(q) = -83*q - 370. What is y(-3)?
-121
Let n(v) = 9698*v - 135768. Give n(14).
4
Let y(j) = 5065*j + 5040. Determine y(-1).
-25
Let v(j) = 126*j + 1372. What is v(-11)?
-14
Let l(k) = -371*k + 6278. Determine l(17).
-29
Let s(h) = -66*h + 60. Determine s(3).
-138
Let m(k) = k**2 - 95*k + 1247. Give m(79).
-17
Let w(o) = o**3 + 6*o**2 - 55*o - 17. Determine w(-11).
-17
Let j(h) = -7*h**2 + 86*h - 14. Give j(12).
10
Let f(w) = 5*w**3 - w**2 - 18*w - 19. Calculate f(-1).
-7
Let w(b) = -18*b - 124. What is w(-20)?
236
Let f(z) = -2*z**3 - 23*z**2 - 16*z - 2. Calculate f(-11).
53
Let i(k) = -k**2 + 19*k + 99. What is i(23)?
7
Let c(b) = -b**3 + 17*b**2 - 202*b + 3961. Determine c(18).
1
Let x(w) = -11276*w - 67655. Give x(-6).
1
Let o(d) = -2*d**3 + 29*d**2 - 16*d + 21. Determine o(14).
-7
Let q(t) = -12*t**2 + 13*t + 7. Calculate q(-3).
-140
Let d(a) = a**2 - 109*a + 1136. What is d(11)?
58
Let v(l) = -7*l**2 - 6*l - 16. What is v(-6)?
-232
Let l(f) = f**2 + 1568*f - 9460. What is l(6)?
-16
Let h(a) = 640*a + 2536. Give h(-4).
-24
Let g(l) = -3*l - 204. What is g(21)?
-267
Let t(c) = -2*c**2 - 61*c - 33. Determine t(-30).
-3
Let c(p) = -13*p + 135. What is c(4)?
83
Let t(g) = 8*g**2 - 4*g - 23. What is t(4)?
89
Let q(l) = -l**2 - 58*l - 340. What is q(-7)?
17
Let j(n) = -4232*n - 16935. What is j(-4)?
-7
Let c(y) = 6*y**2 + 18*y + 15. Calculate c(-2).
3
Let r(w) = -w**3 - 189*w**2 - 555*w + 550. Determine r(-186).
-8
Let l(a) = 17*a + 206. Calculate l(-12).
2
Let y(d) = 108*d - 2314. Calculate y(22).
62
Let j(m) = -561*m + 6739. Calculate j(12).
7
Let t(h) = -3*h**3 - h**2 - 10554*h - 10553. Calculate t(-1).
3
Let l(r) = 2*r**2 - 33*r + 15. Determine l(16).
-1
Let p(n) = 23*n**2 + 1354*n - 42. Calculate p(-59).
135
Let c(s) = -s**2 + 97*s + 2063. What is c(-18)?
-7
Let i(q) = 25*q - 208. Determine i(12).
92
Let j(a) = -a**3 - 8*a**2 - 296*a - 2397. Give j(-8).
-29
Let n(z) = -z**2 + 89*z - 82. Give n(86).
176
Let p(b) = b**3 - 174*b**2 + 1011*b - 516. Give p(168).
-12
Let y(n) = -93*n - 3. What is y(1)?
-96
Let q(t) = 3*t**3 + 14*t**2 + 16. Determine q(-5).
-9
Let w(j) = j**3 - 9*j**2 - 31*j + 115. Calculate w(8).
-197
Let r(v) = -5*v**3 - 12*v**2 - 34*v - 62. Give r(-2).
-2
Let r(u) = 67*u - 2748. Determine r(41).
-1
Let s(g) = 152*g + 2594. What is s(-17)?
10
Let k(t) = t**3 + 8*t**2 - t + 47. Calculate k(-10).
-143
Let c(q) = q**3 - 7*q**2 - 64*q + 1097. What is c(-10)?
37
Let p(d) = -3*d**2 - 27*d - 11. Calculate p(-10).
-41
Let q(d) = d**3 - 12*d**2 + 23*d - 128. Calculate q(11).
4
Let o(m) = -m**3 - 5*m**2 - 18*m + 30. Give o(5).
-310
Let o(g) = g**3 - 33*g**2 + 259*g + 208. Calculate o(18).
10
Let t(r) = -4*r + 12. Give t(32).
-116
Let c(z) = -39*z + 1172. What is c(29)?
41
Let h(v) = v**2 + 66*v + 654. Determine h(-53).
-35
Let h(v) = -v**2 + 180*v - 4119. Determine h(27).
12
Let m(r) = -239*r - 69308